alculate the highest common factor of 2100 and 260820.
420
Calculate the highest common divisor of 9234 and 4674.
114
What is the greatest common factor of 2394046 and 706?
706
What is the highest common divisor of 12 and 117354?
6
Calculate the highest common factor of 94674 and 661191.
1527
Calculate the greatest common factor of 5205 and 465.
15
What is the greatest common divisor of 4840 and 618310?
1210
Calculate the greatest common divisor of 9699 and 12.
3
Calculate the greatest common divisor of 57 and 1250998.
19
Calculate the greatest common factor of 124672 and 8.
8
What is the highest common factor of 186 and 457374?
186
Calculate the greatest common divisor of 327010 and 1219.
53
What is the greatest common factor of 370 and 10790?
10
What is the greatest common factor of 9021 and 9486?
93
What is the highest common divisor of 12352 and 23546?
386
Calculate the highest common factor of 312037 and 1881.
209
Calculate the highest common divisor of 19950 and 294.
42
What is the greatest common factor of 19 and 18254?
1
Calculate the greatest common factor of 16956 and 189.
27
Calculate the highest common factor of 333 and 149813.
37
Calculate the greatest common divisor of 23587 and 12875.
103
Calculate the highest common divisor of 13747 and 17051.
59
What is the greatest common divisor of 32 and 484856?
8
Calculate the greatest common factor of 4064696 and 8.
8
Calculate the highest common divisor of 145040 and 2240.
560
Calculate the greatest common divisor of 87 and 141549.
87
What is the highest common factor of 296 and 1665?
37
What is the highest common divisor of 15302605 and 535?
535
What is the greatest common factor of 71445 and 231?
33
What is the greatest common divisor of 10 and 641905?
5
Calculate the highest common factor of 11 and 77209.
11
Calculate the highest common factor of 218842 and 1482.
494
Calculate the greatest common factor of 52060 and 475.
95
Calculate the greatest common divisor of 1712 and 5265256.
856
What is the highest common factor of 9510 and 159?
3
Calculate the greatest common factor of 1083 and 10.
1
What is the greatest common divisor of 16 and 71952?
16
What is the greatest common divisor of 35 and 153097?
7
Calculate the highest common divisor of 2694 and 930.
6
What is the highest common factor of 729 and 79893?
27
What is the highest common divisor of 113872 and 32?
16
What is the highest common factor of 728 and 143650?
26
Calculate the greatest common factor of 702 and 3233880.
234
What is the greatest common factor of 11 and 418121?
11
Calculate the greatest common factor of 14476 and 455.
7
What is the highest common factor of 544 and 382364?
68
Calculate the greatest common factor of 38 and 12929899.
19
What is the greatest common divisor of 48 and 3912?
24
What is the highest common factor of 1289123 and 88?
11
Calculate the highest common divisor of 37 and 2086541.
37
Calculate the greatest common factor of 6528 and 407184.
816
Calculate the highest common factor of 8371 and 396.
11
What is the greatest common divisor of 4707139 and 1415?
283
What is the greatest common divisor of 1432 and 992?
8
Calculate the highest common divisor of 2034299 and 879.
293
Calculate the highest common factor of 23394 and 189.
21
What is the highest common divisor of 11324 and 684?
76
What is the greatest common divisor of 14 and 11899958?
14
Calculate the highest common divisor of 72 and 489852.
36
What is the highest common divisor of 32965 and 2432?
19
Calculate the greatest common divisor of 15314 and 331018.
1178
What is the greatest common divisor of 4428 and 4320?
108
Calculate the highest common divisor of 2145 and 25311.
429
What is the highest common divisor of 51608 and 32?
8
What is the highest common factor of 4089 and 6627?
141
Calculate the greatest common divisor of 60 and 612.
12
What is the highest common factor of 96 and 44896?
32
What is the greatest common divisor of 546 and 27573?
273
Calculate the greatest common factor of 99 and 1004841.
9
Calculate the highest common factor of 2928 and 249856.
976
What is the greatest common divisor of 1741429 and 34?
17
Calculate the highest common divisor of 913 and 546887.
913
What is the highest common divisor of 264 and 5088?
24
What is the greatest common factor of 254 and 285242?
254
What is the highest common divisor of 4395 and 1215?
15
What is the greatest common factor of 112 and 604800?
112
Calculate the greatest common divisor of 90528 and 3128.
184
Calculate the greatest common factor of 20223 and 50183.
749
Calculate the greatest common factor of 164903 and 103.
103
Calculate the greatest common divisor of 792 and 38187.
9
Calculate the greatest common divisor of 444 and 69.
3
What is the highest common divisor of 22 and 1075844?
22
Calculate the greatest common divisor of 65256 and 120.
24
What is the greatest common factor of 4031 and 695?
139
Calculate the highest common factor of 2613 and 67.
67
What is the greatest common factor of 772897 and 19399?
1021
Calculate the highest common factor of 621 and 14375.
23
Calculate the highest common divisor of 1071 and 121329.
153
What is the greatest common factor of 13 and 745940?
13
What is the highest common divisor of 173204 and 516?
172
What is the highest common factor of 72 and 181476?
36
Calculate the highest common divisor of 340 and 240380.
340
What is the greatest common factor of 1924 and 12580?
148
What is the greatest common factor of 37638 and 2295?
459
What is the greatest common factor of 16549 and 558311?
871
What is the greatest common divisor of 6270 and 105?
15
Calculate the greatest common divisor of 198 and 17952.
66
Calculate the highest common divisor of 376 and 9160.
8
Calculate the highest common factor of 33 and 356510.
11
What is the highest common divisor of 112 and 96208?
112
What is the highest common factor of 1440 and 2350368?
288
What is the greatest common factor of 42 and 29214?
6
Calculate the highest common factor of 2235 and 123819.
447
Calculate the highest common divisor of 115199 and 98.
49
What is the highest common divisor of 5292 and 7236?
108
What is the greatest common divisor of 3525 and 506895?
705
What is the highest common divisor of 26 and 60034?
26
What is the highest common divisor of 178 and 754898?
178
Calculate the highest common factor of 8178 and 13677.
141
Calculate the greatest common factor of 5152 and 4319.
7
What is the highest common divisor of 115371 and 108?
27
Calculate the highest common factor of 194 and 2813.
97
What is the greatest common divisor of 42741 and 54?
27
What is the greatest common factor of 999 and 7884?
27
Calculate the greatest common factor of 176805 and 5310.
45
Calculate the greatest common divisor of 1110 and 301032.
222
What is the highest common factor of 1337 and 16808?
191
What is the highest common divisor of 213191 and 99?
11
Calculate the highest common divisor of 16996 and 12124.
28
Calculate the greatest common factor of 162 and 9592749.
81
What is the greatest common factor of 108872 and 3224?
248
What is the highest common divisor of 462 and 104566?
154
Calculate the highest common divisor of 5082837 and 411.
411
Calculate the greatest common divisor of 350860 and 1060.
1060
What is the greatest common factor of 377 and 1107191?
29
What is the highest common factor of 120 and 81990?
30
Calculate the greatest common factor of 579 and 1475871.
579
Calculate the greatest common factor of 36212 and 44.
44
What is the highest common factor of 122160 and 2460?
60
What is the highest common divisor of 341104 and 32?
16
Calculate the highest common factor of 1521 and 25785.
9
What is the greatest common factor of 470 and 55520?
10
What is the greatest common divisor of 2261128 and 24?
8
What is the highest common factor of 62688 and 13152?
96
What is the greatest common factor of 138 and 87078?
138
Calculate the greatest common divisor of 20 and 1817830.
10
What is the greatest common factor of 26748 and 4716?
36
Calculate the greatest common factor of 21 and 1171709.
7
What is the highest common factor of 273 and 9399?
39
Calculate the highest common factor of 3984 and 577182.
498
What is the highest common divisor of 2040 and 13704?
24
Calculate the greatest common divisor of 17328